ve of 7/6*i**3 - i**2 + 0*i + 0 + 7/4*i**4. Is z(6) composite?
True
Let j = -1 + 6. Suppose -2*a + 110 = a + q, -2*a + j*q = -79. Is a/(-2)*(-1 - 1) a composite number?
False
Let o be 3 - 3 - 0 - -2. Suppose -3*n + o = -7. Is -34*(-2)/6*n a prime number?
False
Suppose 317 = 5*c - 4*c. Is c prime?
True
Let d = 707 + 1184. Is d a composite number?
True
Suppose 0 = -5*r - 5*f + 3165, 5*r - 872 - 2287 = -2*f. Is r a prime number?
True
Suppose -3*s + 445 = 2*s. Is s prime?
True
Let j(h) = 10*h + 21. Let i be j(16). Let t = 221 - 317. Let f = t + i. Is f a prime number?
False
Suppose 3*p + 682 = -2*w - 2036, 0 = -w - 3*p - 1365. Let t = -962 - w. Is t composite?
True
Is 143/52*8/2 a prime number?
True
Suppose l = 124 + 39. Is l a composite number?
False
Let p(y) = -y**3 - 7*y**2 - 6*y. Let j be p(-6). Suppose j = -2*m + 3 + 3. Suppose 4 = r - m. Is r a prime number?
True
Let x be (-2 - (-19)/(-2))*2. Let f be x/(-4) - 4/(-16). Suppose o - f*o = -5*r + 70, 3*r = -4*o + 42. Is r a composite number?
True
Suppose -3*w - 5 = -4*w. Suppose -3*u = w*p, -5 - 2 = -2*u - p. Suppose 5*g = u*b - 90, -2*b - 3*g = -7*b + 92. Is b composite?
False
Is (-20)/(-90) + 13561/9 composite?
True
Let c(t) = -t - 3. Let g be c(-4). Is 2 + (-4)/g - -151 a prime number?
True
Let m = -31 - -46. Let n = m + 11. Is n a prime number?
False
Is (-266)/(-3 - (1 + -2)) composite?
True
Is -4 + (238/4)/(6/156) a prime number?
True
Is (9 + -11)*85/(-2) a composite number?
True
Suppose 2212 - 271 = 3*c. Is c a composite number?
False
Let a = 263 + -152. Is a prime?
False
Suppose 0 = -2*x - 2, 0 = -3*d + 3*x + 2*x + 452. Is d composite?
False
Let q(k) = 11*k**2 + 16*k - 11. Is q(6) composite?
True
Let o be 3/(-15) - (-4)/20. Suppose o = 3*i - 8*i + 290. Is i a composite number?
True
Suppose -5*i - 45 = 2*k, -2*k - 3 - 2 = -3*i. Let t(p) = -8*p - 25. Is t(k) prime?
False
Suppose 0 = d - 20 - 57. Is d composite?
True
Suppose -6 = p + 2*o, p + o = -4 + 2. Suppose -5*x = -0*x - 15. Suppose x*j - 29 = 5*v - 96, -p*v - 3*j + 10 = 0. Is v a prime number?
True
Suppose y + 0*o = 3*o + 8, 3*y - o = 24. Let t = y - -57. Is t a prime number?
False
Let h(m) = 4*m**2 - 21*m - 4. Is h(15) composite?
True
Let j be 2/7 - 2/7. Suppose 3*u + 71 = 2*d, d - 5*u - 15 - 17 = j. Is d prime?
True
Suppose 78*s + 105 = 79*s. Let y = -25 - -9. Let m = s + y. Is m prime?
True
Let l = -153 - -220. Let t be -3 + 5 + (-12)/4 + 4. Suppose -t*c + l = -38. Is c a prime number?
False
Let s(c) = -5*c**2 - 26*c + 9. Let k = 8 - 16. Let n(r) = 3*r**2 + 17*r - 6. Let q(o) = k*n(o) - 5*s(o). Is q(6) prime?
True
Suppose 0 = 4*q + v - 318, -v = 5*q - 108 - 289. Let c = q - 43. Suppose j - h + 0*h - c = 0, -110 = -3*j + h. Is j a prime number?
True
Suppose -j + 0*a + 1923 = -4*a, 0 = 4*j - 2*a - 7720. Is j a prime number?
True
Let s = -1077 - -2194. Is s prime?
True
Let g(t) = 8*t**2 + 22*t + 11. Is g(-12) a prime number?
False
Suppose -w = w - 46. Suppose 5*m - w = -3. Suppose m*t = 3*q - 95, -2*q + 4*q = 2*t + 64. Is q composite?
True
Let b be (-5)/(-15) + 13/(-3). Let d be (2/b)/((-1)/28). Suppose k + k = d. Is k composite?
False
Let z be (-15)/(-20) - 45/(-4). Let t(l) = -l + z*l + 0 + 5 + 5*l. Is t(8) composite?
True
Let h(y) = y**2 + 6*y + 5. Let m be h(-5). Let q(a) = -a**2 - a - 340. Let k be q(m). Let g = 479 + k. Is g a prime number?
True
Let b(c) = -c**3 - 6*c**2 - 2*c + 7. Suppose 0 = -7*t + 5*t + 6. Suppose t*g + 6 + 12 = 0. Is b(g) composite?
False
Let m = 4176 - 2815. Is m composite?
False
Let y be -1 - 0 - (0 - 542). Suppose 6*k = 4*p + k - y, -4*k - 536 = -4*p. Is p composite?
True
Let l = 12 - 2. Let a be l/(-8)*(8 - 4). Let r(n) = n**3 + 5*n**2 - 7*n - 1. Is r(a) composite?
True
Let h(b) = -2*b**3 - 2*b**2 + b - 2. Let g be h(2). Let r = -14 - g. Is (35/r)/((-1)/(-26)) composite?
True
Let x = -4 - -561. Is x a prime number?
True
Let y(t) = t**2 + t + 5. Is y(-3) prime?
True
Let g be -2*-1*(-1)/(-1). Let b be (4 - 3)*g/(-2). Let i(n) = -18*n + 1. Is i(b) prime?
True
Let z = 4 - 3. Suppose -5 + z = 4*f, 2*s = -5*f + 115. Suppose s = 4*g - 72. Is g a composite number?
True
Is 4642/(-33)*3/(-2) a composite number?
False
Suppose -3*q + 0*q = 6. Let t(b) = 17*b**3 - 2*b**2 + b. Let k be t(1). Let w = k + q. Is w composite?
True
Is ((-267)/6 + 0)/(2/(-12)) composite?
True
Let b = -5 + 6. Is (b/2 - 1)*-44 a prime number?
False
Let v = -4 + 30. Suppose 5*y + v = -m, 3*y + 0*y = 4*m - 11. Is (79 - (-2 + 1)) + m composite?
False
Let u(w) = -w**3 + 7*w**2 - 1. Let b be u(7). Let t = b - 1. Let x = t - -8. Is x a prime number?
False
Let n = 1012 - 555. Is n composite?
False
Let f(b) = 2*b - 8. Let v be f(6). Suppose 0 = -v*i + 6*i - 2. Is 49*i - (-1 - -1) prime?
False
Is ((-18)/15)/(8/(-3820)) a composite number?
True
Let d be ((-131)/(-2))/(4/(-8)). Let o = -38 - d. Is o composite?
True
Let b(y) = y**3 - 7*y**2 + 6*y - 1. Let s be 12/(4 - 2 - 0). Let l be b(s). Is ((-22)/(-6))/(l/(-6)) a prime number?
False
Suppose 0 = -x - 5*v - 10 - 3, x + 7 = -3*v. Suppose x*g = g - 3. Is (49 + -2)*(-3)/g prime?
True
Let j(l) = 3*l**2 - 3*l**2 + l**3 + 7*l - 6*l. Let i be j(0). Suppose 3*v - 40 - 71 = i. Is v a prime number?
True
Let o(u) = u**2 + 3*u. Let q be o(-3). Suppose -5*f = -q*f - 185. Is f prime?
True
Suppose 2*t - 371 = 2*w - 3*w, -5*w + 4*t + 1855 = 0. Is w prime?
False
Suppose -5*d = -553 - 57. Is d prime?
False
Is 0/(-3) - (-1)/(2/1246) a prime number?
False
Suppose 8*k - 3*k = 2*h - 98, 4*h = 5*k + 186. Suppose -2*f + h + 90 = 0. Is f a prime number?
True
Let g(o) = o**3 - 4*o - 7. Let p be g(6). Suppose -5*i + p = -0*i. Let k = 28 + i. Is k a prime number?
False
Let f = 98 - 18. Let s = 1 - 4. Let i = s + f. Is i prime?
False
Let m = 3 - 2. Suppose -m = z - 6. Suppose -45 = 2*v - z*v. Is v a prime number?
False
Suppose -2*g = 2*z + 236, -68 - 56 = z - g. Let w = -2 - z. Is w composite?
True
Let q = -5 - -5. Suppose q = -0*u - 4*u + 2*t + 456, 345 = 3*u - 3*t. Is u prime?
True
Suppose 0*k - k + 155 = 0. Let g(a) = a**2 - 4*a. Let j be g(4). Suppose 2*w + 3*w - k = j. Is w composite?
False
Let n = 32460 + -22873. Is n a prime number?
True
Let y be 4/18 - (-2938)/(-18). Suppose 0 = -r - 54 + 18. Let l = r - y. Is l a prime number?
True
Suppose -9716 = x - 5*x. Is x prime?
False
Let r = 32 + 955. Is 6/4 + r/6 prime?
False
Suppose 8*s - 4*s = 4220. Suppose -s = -6*j + j. Is j a composite number?
False
Is (-3 - -2)/((-3)/1257) a prime number?
True
Let r(b) = b**3 - 4*b**2 - 6*b + 1. Let s be (-18)/(9/(-3))*1. Is r(s) composite?
False
Suppose -10*p = 2*p - 11784. Is p prime?
False
Let b(t) = 50*t**2 + 1. Let o(i) = i**2 + i + 1. Let k be o(0). Suppose -2 = h - k. Is b(h) composite?
True
Let u = 205 + 472. Is u a composite number?
False
Let q = 12 - 9. Let s = 5 + 0. Suppose 4*k = -5*j + 119 + 155, 0 = -q*k - s*j + 203. Is k prime?
True
Let o(j) = 4*j**2 - 3*j + 76. Let y(v) = 5*v**2 - 4*v + 75. Let t(u) = 4*o(u) - 3*y(u). Is t(0) a composite number?
False
Suppose c + 33 = -2*f, -7*f + 4*c - 89 = -2*f. Let y = -10 - f. Suppose g = -5*n + 16 + 3, y = g - n. Is g a composite number?
True
Suppose -i - 85 = -6*s + 4*s, s - 25 = 4*i. Suppose v - 12 = 2*v. Let f = s + v. Is f a prime number?
False
Suppose d = -7*d + 3056. Is d a composite number?
True
Let j = -17 - -18. Is (j + 1)*(-633)/(-6) a composite number?
False
Let a(o) = 11*o**2 - 5*o - 1. Let q be a(4). Let w be q*((-8)/(-10))/1. Suppose 2*g - 49 = l, -3*g + w = 2*g - 2*l. Is g prime?
False
Let i be 4/2 - (1 + -2). Let p = -34 + 77. Suppose -b + i*l = 8*l - p, 0 = 2*b - 2*l - 110. Is b a prime number?
True
Is 0 + 2 + 1 - (-395 - -1) a composite number?
False
Let t be (-1)/1 + -1 + -1. Let n = 0 - t. Suppose -12 = -n*y, 5*l + 4*y - 14 = 267. Is l a prime number?
True
Is 1*(4 + -2 + 125)*11 prime?
False
Suppose 60 + 189 = 3*s. Is s composite?
False
Suppose 0 = -3*w - 3*y + 480, 4*y = 5*w - 522 - 305. Let m = -84 + w. Is m a prime number?
True
Suppose 2*f + v - 49 = 0, -2*f + 3*v + 34 = v. Is f a composite number?
True
Suppose -r + 5*r - 17309 = -5*j, 5*r = 5*j + 21580. Is r prime?
False
Let k(y) be the first derivative of y**3/3 + 3*y**2/2 - 6*y + 1. Let g be k(-5). Suppose 23 = g*z - 3*z. Is z a prime number?
True
Let r(x) = 10*x - x**3 - 8*x - 4*x**2 - 3*x**2 + 5. Is r(-9)